 1794?
1700
Calculate the remainder when 94095 is divided by 1001.
1
Calculate the remainder when 707647 is divided by 139.
137
Calculate the remainder when 26128 is divided by 54.
46
Calculate the remainder when 1347971 is divided by 38.
35
What is the remainder when 468231 is divided by 79?
77
Calculate the remainder when 45008 is divided by 14.
12
What is the remainder when 32834 is divided by 102?
92
Calculate the remainder when 9942 is divided by 4.
2
Calculate the remainder when 5471 is divided by 342.
341
Calculate the remainder when 1028 is divided by 176.
148
Calculate the remainder when 7202831 is divided by 272.
271
Calculate the remainder when 147836 is divided by 19.
16
What is the remainder when 11764 is divided by 2347?
29
Calculate the remainder when 1309 is divided by 9.
4
What is the remainder when 29340 is divided by 3240?
180
Calculate the remainder when 2045 is divided by 628.
161
What is the remainder when 11138 is divided by 415?
348
Calculate the remainder when 170963 is divided by 56986.
5
What is the remainder when 1555 is divided by 44?
15
Calculate the remainder when 136 is divided by 128.
8
Calculate the remainder when 1299 is divided by 645.
9
Calculate the remainder when 33214 is divided by 13.
12
What is the remainder when 8091 is divided by 6?
3
What is the remainder when 2304 is divided by 577?
573
What is the remainder when 48661 is divided by 92?
85
What is the remainder when 1884 is divided by 766?
352
What is the remainder when 2666027 is divided by 58?
57
What is the remainder when 4873 is divided by 81?
13
What is the remainder when 7915 is divided by 33?
28
Calculate the remainder when 49464 is divided by 50.
14
What is the remainder when 51063 is divided by 25405?
253
What is the remainder when 1048873 is divided by 781?
771
Calculate the remainder when 23443 is divided by 23432.
11
What is the remainder when 4772 is divided by 620?
432
What is the remainder when 20100 is divided by 836?
36
What is the remainder when 14700 is divided by 452?
236
Calculate the remainder when 31194 is divided by 200.
194
Calculate the remainder when 11483 is divided by 2869.
7
What is the remainder when 834145 is divided by 153?
142
Calculate the remainder when 12246 is divided by 11806.
440
Calculate the remainder when 2017246 is divided by 672411.
13
What is the remainder when 15734 is divided by 147?
5
What is the remainder when 3023 is divided by 159?
2
Calculate the remainder when 15033 is divided by 146.
141
Calculate the remainder when 13103 is divided by 1627.
87
Calculate the remainder when 42107 is divided by 520.
507
What is the remainder when 330467 is divided by 41308?
3
What is the remainder when 307698 is divided by 30767?
28
What is the remainder when 5387 is divided by 124?
55
Calculate the remainder when 7231 is divided by 515.
21
What is the remainder when 6745783 is divided by 62?
59
Calculate the remainder when 1712617 is divided by 28.
25
Calculate the remainder when 7227 is divided by 681.
417
Calculate the remainder when 1871199 is divided by 40.
39
Calculate the remainder when 31727 is divided by 19.
16
What is the remainder when 464979 is divided by 21?
18
What is the remainder when 9952 is divided by 68?
24
Calculate the remainder when 51894 is divided by 52.
50
Calculate the remainder when 7456 is divided by 95.
46
What is the remainder when 2573 is divided by 838?
59
What is the remainder when 61718 is divided by 27?
23
What is the remainder when 21055 is divided by 21?
13
Calculate the remainder when 9745 is divided by 747.
34
Calculate the remainder when 3661 is divided by 60.
1
What is the remainder when 7870 is divided by 867?
67
Calculate the remainder when 535534 is divided by 53.
22
What is the remainder when 5261417 is divided by 33?
29
What is the remainder when 1827 is divided by 158?
89
What is the remainder when 113359 is divided by 153?
139
Calculate the remainder when 22964 is divided by 6978.
2030
Calculate the remainder when 9431 is divided by 816.
455
Calculate the remainder when 984222 is divided by 1367.
1349
What is the remainder when 50163 is divided by 395?
393
Calculate the remainder when 51069 is divided by 17021.
6
What is the remainder when 2737214 is divided by 134?
130
Calculate the remainder when 13020 is divided by 245.
35
Calculate the remainder when 4969 is divided by 620.
9
Calculate the remainder when 88076 is divided by 17.
16
What is the remainder when 542900 is divided by 180958?
26
What is the remainder when 200637 is divided by 55?
52
Calculate the remainder when 15681 is divided by 1206.
3
What is the remainder when 9362 is divided by 109?
97
Calculate the remainder when 70539 is divided by 280.
259
What is the remainder when 71992 is divided by 31?
10
Calculate the remainder when 28603 is divided by 61.
55
What is the remainder when 144582 is divided by 769?
10
Calculate the remainder when 3164 is divided by 452.
0
What is the remainder when 952 is divided by 547?
405
What is the remainder when 282 is divided by 66?
18
Calculate the remainder when 18590 is divided by 144.
14
What is the remainder when 114035 is divided by 7124?
51
What is the remainder when 59395 is divided by 587?
108
Calculate the remainder when 9172 is divided by 1488.
244
Calculate the remainder when 1043898 is divided by 146.
144
Calculate the remainder when 259483 is divided by 96.
91
Calculate the remainder when 12998 is divided by 26.
24
What is the remainder when 4291 is divided by 789?
346
Calculate the remainder when 18616 is divided by 74.
42
Calculate the remainder when 63525 is divided by 255.
30
Calculate the remainder when 117141 is divided by 74.
73
Calculate the remainder when 189626 is divided by 106.
98
Calculate the remainder when 72105 is divided by 22.
11
Calculate the remainder when 18662 is divided by 103.
19
Calculate the remainder when 81730 is divided by 120.
10
Calculate the remainder when 4960 is divided by 35.
25
What is the remainder when 44394 is divided by 349?
71
What is the remainder when 71060 is divided by 58?
10
Calculate the remainder when 15041 is divided by 1088.
897
Calculate the remainder when 72718 is divided by 30.
28
What is the remainder when 12223 is divided by 299?
263
Calculate the remainder when 31027 is divided by 1157.
945
What is the remainder when 447461 is divided by 21307?
14
What is the remainder when 68327 is divided by 73?
72
Calculate the remainder when 44843 is divided by 33.
29
Calculate the remainder when 40672 is divided by 573.
562
Calculate the remainder when 8151 is divided by 1089.
528
What is the remainder when 6436 is divided by 179?
171
Calculate the remainder when 181302 is divided by 674.
670
What is the remainder when 359 is divided by 48?
23
What is the remainder when 140256 is divided by 9350?
6
Calculate the remainder when 89993 is divided by 205.
203
What is the remainder when 1464 is divided by 168?
120
What is the remainder when 59336 is divided by 76?
56
What is the remainder when 7642 is divided by 21?
19
What is the remainder when 717 is divided by 22?
13
Calculate the remainder when 31882 is divided by 7967.
14
Calculate the remainder when 8097 is divided by 48.
33
Calculate the remainder when 589 is divided by 242.
105
What is the remainder when 10604 is divided by 5246?
112
Calculate the remainder when 21038 is divided by 4199.
43
What is the remainder when 19907 is divided by 102?
17
Calculate the remainder when 3404 is divided by 11.
5
Calculate the remainder when 854714 is divided by 40.
34
Calculate the remainder when 3996 is divided by 524.
328
Calculate the remainder when 8664 is divided by 11.
7
Calculate the remainder when 1485 is divided by 1391.
94
Calculate the remainder when 9483 is divided by 3154.
21
Calculate the remainder when 46490 is divided by 81.
77
What is the remainder when 14362 is divided by 512?
26
What is the remainder when 184054 is divided by 17?
12
Calculate the remainder when 5190 is divided by 14.
10
What is the remainder when 128530 is divided by 120?
10
Calculate the remainder when 9719 is divided by 2361.
275
What is the remainder when 9001 is divided by 145?
11
Calculate the remainder when 29378 is divided by 50.
28
Calculate the remainder when 26614 is divide